-5c7 (base 13) to base 6.
-4400
What is -26b6 (base 13) in base 12?
-3271
What is -8da9 (base 16) in base 7?
-210505
-122221 (base 3) to base 15
-224
11001101100011 (base 2) to base 10
13155
Convert 4648 (base 9) to base 4.
311312
Convert 2271 (base 9) to base 11.
12a1
What is 3e3e (base 16) in base 11?
10a76
What is 3273 (base 8) in base 13?
a27
265214 (base 7) to base 5
3043334
301 (base 9) to base 14
136
-1a6 (base 14) to base 3
-110200
Convert -289d (base 14) to base 4.
-1300123
12020010 (base 4) to base 11
17941
What is 2544 (base 12) in base 10?
4228
What is 1b7c (base 14) in base 12?
2a96
Convert 22230 (base 6) to base 2.
110000101010
Convert -101011110111 (base 2) to base 14.
-1047
What is -84cb (base 13) in base 8?
-43763
3327 (base 8) to base 5
24001
1027 (base 9) to base 3
1000221
3b3b (base 12) to base 7
25604
Convert 236 (base 14) to base 8.
670
284 (base 11) to base 6
1314
Convert -112252 (base 6) to base 4.
-2112020
What is -66648 (base 10) in base 12?
-326a0
Convert -11210211 (base 3) to base 4.
-312301
-43243 (base 6) to base 2
-1011100101011
510 (base 14) to base 16
3e2
Convert 10011010 (base 2) to base 6.
414
What is -1211121 (base 3) in base 4?
-110323
75 (base 8) to base 6
141
-11010010 (base 2) to base 8
-322
b01 (base 16) to base 3
10212100
Convert -333 (base 8) to base 12.
-163
What is -6505 (base 9) in base 6?
-34052
1a64 (base 12) to base 16
cac
What is -19ee (base 15) in base 6?
-42012
What is 232 (base 16) in base 7?
1432
Convert -1010010010010 (base 2) to base 16.
-1492
12202 (base 4) to base 11
350
-31 (base 9) to base 16
-1c
8d3 (base 15) to base 7
5553
6e7 (base 15) to base 2
11000011111
-1304 (base 6) to base 2
-101001000
-314 (base 13) to base 14
-296
What is -117525 (base 9) in base 14?
-1bcd7
What is -2023 (base 4) in base 15?
-94
Convert -2110020 (base 3) to base 11.
-1386
What is 122012 (base 3) in base 15?
20e
-516 (base 15) to base 6
-5150
Convert -4d89 (base 15) to base 6.
-204350
5550 (base 12) to base 14
360c
-3812 (base 9) to base 11
-2158
What is 201011 (base 3) in base 11?
430
Convert -7717 (base 14) to base 15.
-6186
-122212020 (base 3) to base 4
-3023130
What is 2236 (base 8) in base 11?
985
Convert -5047 (base 8) to base 9.
-3507
456d (base 14) to base 3
121112102
What is 29 (base 13) in base 15?
25
45485 (base 11) to base 3
10100020220
-1398 (base 13) to base 14
-1061
401530 (base 6) to base 13
11466
What is 535a (base 11) in base 5?
211313
What is -121102 (base 4) in base 14?
-838
What is 111011 (base 2) in base 11?
54
Convert -34e8 (base 15) to base 6.
-124015
Convert 57 (base 11) to base 7.
116
What is 3360 (base 9) in base 14?
c96
What is -1790 (base 15) in base 14?
-1bd3
What is 2221041 (base 5) in base 14?
10264
What is 22401 (base 5) in base 12?
b15
What is -100320 (base 4) in base 5?
-13310
What is 131032 (base 4) in base 16?
74e
What is -375 (base 12) in base 7?
-1343
Convert 1767 (base 11) to base 10.
2251
2557 (base 11) to base 3
11120022
What is 99 (base 13) in base 3?
11200
-254 (base 7) to base 12
-b5
11011010101011 (base 2) to base 11
a573
What is -d43 (base 14) in base 2?
-101000101111
Convert 120220 (base 3) to base 16.
1ad
Convert 19a8 (base 11) to base 6.
15430
-bc92 (base 14) to base 9
-48723
What is 9801 (base 10) in base 3?
111110000
-241 (base 10) to base 2
-11110001
Convert 134320 (base 6) to base 7.
51606
-3325 (base 8) to base 2
-11011010101
32100 (base 4) to base 11
75a
What is -101230 (base 4) in base 7?
-3205
115a (base 11) to base 16
5ed
Convert -1620 (base 14) to base 16.
-f6c
Convert 4254 (base 6) to base 8.
1712
Convert 82 (base 13) to base 15.
71
-47b8 (base 16) to base 4
-10132320
What is -1933 (base 15) in base 6?
-41120
abc (base 15) to base 4
211323
What is -1473 (base 8) in base 13?
-4b8
Convert 1000110101 (base 2) to base 13.
346
f9c (base 16) to base 14
1656
What is 12267 (base 11) in base 13?
8033
What is -22 (base 13) in base 15?
-1d
375 (base 14) to base 4
22303
200 (base 11) to base 5
1432
Convert -11213230 (base 4) to base 3.
-1011120121
What is 969a (base 12) in base 11?
11471
18680 (base 9) to base 7
52521
What is -212110211 (base 3) in base 9?
-25424
-121021 (base 3) to base 9
-537
-4593 (base 14) to base 9
-17517
Convert 1001332 (base 4) to base 11.
3199
Convert -460c (base 13) to base 12.
-581a
Convert 873 (base 13) to base 12.
a06
What is 101454 (base 8) in base 2?
1000001100101100
Convert -375 (base 11) to base 8.
-675
a492 (base 11) to base 13
642b
Convert 375 (base 13) to base 10.
603
Convert -146a (base 11) to base 5.
-30031
Convert 2121201 (base 3) to base 11.
1486
What is ec9 (base 15) in base 14?
1307
What is 16c (base 13) in base 10?
259
Convert 1db (base 14) to base 9.
472
What is -23525 (base 6) in base 14?
-1377
45245 (base 9) to base 12
154b8
Convert 355 (base 15) to base 9.
1028
Convert -1010000011 (base 2) to base 5.
-10033
-4121 (base 10) to base 14
-1705
Convert 17820 (base 12) to base 7.
201102
What is 13900 (base 11) in base 6?
231151
-2131 (base 5) to base 4
-10203
-20311 (base 4) to base 8
-1065
-18ed (base 15) to base 2
-1010100010110
Convert 1001100111011100 (base 2) to base 5.
2230023
Convert 2308 (base 11) to base 10.
3033
What is 8553 (base 10) in base 2?
10000101101001
-168a8 (base 12) to base 4
-13322000
Convert -601 (base 13) to base 12.
-707
What is 603 (base 9) in base 4?
13221
-761 (base 11) to base 5
-12124
What is 41201 (base 5) in base 16?
a74
Convert 25170 (base 9) to base 5.
1020121
-1203 (base 11) to base 6
-11144
-529 (base 13) to base 15
-3da
Convert 5b (base 14) to base 4.
1101
Convert -40203 (base 5) to base 15.
-b53
Convert -2115 (base 12) to base 13.
-1853
-110420 (base 5) to base 3
-12021222
What is -42 (base 6) in base 12?
-22
What is -10001010100100 (base 2) in base 8?
-21244
-ca3 (base 14) to base 11
-1969
Convert 3844 (base 9) to base 13.
1402
Convert 10011000001111 (base 2) to base 7.
40256
Convert 31231 (base 5) to base 15.
92b
Convert 1130 (base 9) to base 15.
3ac
What is a081 (base 13) in base 15?
681a
-100010101 (base 2) to base 13
-184
What is -1a596 (base 13) in base 4?
-30210223
Convert 455 (base 10) to base 16.
1c7
What is 27b (base 13) in base 10?
440
Convert -180 (base 9) to base 6.
-413
What is -1223203 (base 4) in base 2?
-1101011100011
Convert 105 (base 14) to base 16.
c9
Convert 4124123 (base 5) to base 15.
14e93
-1013201 (base 4) to base 13
-2111
What is 21322 (base 4) in base 5?
10014
What is -10100110 (base 2) in base 16?
-a6
11032 (base 4) to base 15
174
-5996 (base 14) to base 13
-7153
Convert -350 (base 9) to base 3.
-101200
Convert -9087 (base 15) to base 5.
-1434002
What is -a3 (base 11) in base 15?
-78
Convert 100121120 (base 3) to base 2.
1101101100000
267 (base 8) to base 2
10110111
What is 684 (base 9) in base 7?
1432
-5232 (base 6) to base 11
-976
What is 1280 (base 10) in base 14?
676
-d780 (base 14) to base 6
-444004
-102101100 (base 3) to base 15
-26d3
-30035 (base 6) to base 15
-125b
What is -8489 (base 14) in base 8?
-54511
-21113 (base 5) to base 8
-2600
-114 (base 11) to base 7
-253
-388 (base 11) to base 6
-2043
Convert -10035 (base 6) to base 14.
-6a3
-11011 (base 4) to base 11
-276
Convert -2055 (base 10) to base 13.
-c21
-30069 (base 10) to base 6
-351113
Convert 17335 (base 10) to base 6.
212131
What is -458 (base 14) in base 2?
-1101011110
633 (base 12) to base 9
1213
Convert 1315 (base 8) to base 13.
432
Convert 34a (base 13) to base 4.
20321
-437 (base 14) to base 5
-11313
Convert -220000 (base 3) to base 2.
-1010001000
What is 73533 (base 8) in base 7?
155040
What is -2c8b (base 13) in base 10?
-6537
-335625 (base 7) to base 4
-32210010
Convert -86 (base 14) to base 7.
-226
What is 4250 (base 11) in base 10?
5621
What is -200212 (base 5) in base 7?
-24250
-8475 (base 13) to base 9
-27146
-150b (base 12) to base 7
-10112
4035 (base 6) to base 2
1101110111
Convert 226213 (base 7) to base 12.
1b59a
Convert -2770 (base 13) to base 14.
-20cc
65bb (base 12) to base 7
44513
What is -136a9 (base 12) in base 16?
-6921
What is 218a (base 16) in base 9?
12700
-111302 (base 4) to base 6
-10242
What is 1301 (base 13) in base 12?
1695
What is -1527 (base 8) in base 6?
-3543
130423 (base 5) to base 9
7011
Convert -35757 (base 9) to base 4.
-11312023
Convert -3289